 are the prime factors of (195/325)/(g/(-10))?
2, 3
Suppose -y + 5*j + 6223 = 0, 30*y - 2*j = 25*y + 31046. What are the prime factors of y?
2, 97
What are the prime factors of (-5067 - (-1 + 11))*-1?
5077
Let b = -62 + 63. Let x be (0 - -9) + -3 + (-1)/b. Suppose x*n - 1072 = -3*n. List the prime factors of n.
2, 67
Let o(p) = -p**2 - 7*p + 18. Let t be o(-9). Suppose 5*k - 345 = -0*k - 3*h, 2*k + 2*h - 138 = t. What are the prime factors of k?
3, 23
Suppose -206007 + 1235004 = 23*j. List the prime factors of j.
3, 1657
Let q(p) = 4*p**3 - 8*p**2 - 20*p + 35. Let k be q(12). Suppose -13*c + 2*c + k = 0. What are the prime factors of c?
5, 101
Let o(v) = -2*v**3 - 5*v**2 + 6. Suppose -10*l = -9*l + 4. List the prime factors of o(l).
2, 3
Let b(k) = k**3 + k**2 + 12. Let m be b(0). Let s be (-309)/(-1*m/8) - 1. Let w = 323 - s. What are the prime factors of w?
2, 59
Suppose -4*p = -p - 228. Suppose -k - 3 = 0, 4*b - k = -p + 231. What are the prime factors of b?
2, 19
Let l(z) = 27*z + 2 + 9*z + 5*z. Let g be 9/(-3) + (13 - 48/6). List the prime factors of l(g).
2, 3, 7
Let t = -61448 + 88033. What are the prime factors of t?
5, 13, 409
Let s(p) = -13*p**3 + 2*p + 4548. What are the prime factors of s(0)?
2, 3, 379
Let p = -439 + 439. Suppose 5*l - 68*q + 64*q - 5380 = p, -4*l + 4298 = -2*q. What are the prime factors of l?
2, 67
Suppose -5*j + 224 = -211. Let r(s) = -s**3 + s. Let m be r(1). What are the prime factors of m/(-3) + j - (-2 - -5)?
2, 3, 7
Let l(c) = -24*c - 1. Suppose -4 = b - 3*b. Let d be l(b). Let o = d + 130. What are the prime factors of o?
3
Suppose -2*t + 4*b - 5*b + 8622 = 0, 3*b = b. List the prime factors of t.
3, 479
Let h(t) = 118*t**2 + 16*t + 30. What are the prime factors of h(6)?
2, 3
Suppose -5*f = -3*h - 1579, -h - 1250 = -4*f - 3*h. Suppose 8*r = 15*r + 1120. Let l = r + f. What are the prime factors of l?
2, 7, 11
Let i be (5 - 4)*8 - 3. List the prime factors of (212/16 - i)*28.
3, 7, 11
Let q(j) = j + 33*j**2 + 42*j**2 - 74*j**2 - 4 - 9*j. Let a be q(9). Suppose -3*v + a = -196. What are the prime factors of v?
67
Let r = 228 + -87. Let m(l) = -3*l**3 + 3*l**2 + 10*l + 27. Let t be m(-4). Let y = t - r. List the prime factors of y.
2, 43
Let j = -6 - -10. Suppose -8*i - 681 = -12*i + 5*p, -4*i + j*p + 680 = 0. List the prime factors of i.
13
Suppose -83 - 7 = -18*r. Suppose -r*n - 521 = -y, 0*y - 4*y + 5*n = -2039. List the prime factors of y.
2, 11, 23
Suppose a + 4 = 2*a. Let y be (-2421)/a*(-6)/(-36)*-16. Suppose 13*v - 7*v = y. What are the prime factors of v?
269
Suppose -s - 2*q = 8, -q = s - 2*q - 7. Suppose 0*k + 4*i - 38 = s*k, 2*i = -4. List the prime factors of (-6)/(-2)*k*-1.
3, 23
Suppose 0 = -3*p + 2*v + 15266 + 16468, -2*v = -12. What are the prime factors of p?
2, 11, 13, 37
Suppose 3192 = 13*h + 11*h. Let m = 384 + h. What are the prime factors of m?
11, 47
Suppose -1033*z = 2*a - 1038*z - 72724, 5*a = 3*z + 181848. List the prime factors of a.
2, 3, 7, 433
Let b(i) = -21*i + 78*i - 2*i + 47*i - 9. List the prime factors of b(3).
3, 11
Let d be ((40/(-3))/(-4))/(3/9). Suppose 2*m = -9*a + d*a - 155, -793 = -5*a + m. What are the prime factors of a?
3, 53
Let x(r) = -r - 1. Let k be x(-5). Suppose -17*f + 34*f - 19*f = -16. Suppose 0 = -i + k*q + 31 + f, 0 = 3*i - 5*q - 103. What are the prime factors of i?
31
Let y = -38 + 47. Suppose l = -y*l + 20. Suppose u - 3 = -p + 1, -l*p = 4*u - 20. List the prime factors of u.
2, 3
Let m be 501*(-2)/(-18) - 6/9. Suppose 6*q = 3*t + q - m, 0 = -q - 5. List the prime factors of 532/t + (42/15 - 3).
53
Suppose -3*c - 92 = -5*r, 2*r + r + 5*c = 28. Suppose 0 = 3*h - 4*h - r. Let a = 24 + h. List the prime factors of a.
2
Suppose 0 = 5*m - 0*m - 515. Suppose 0 = 14*s - 15*s + 16. Let o = s + m. List the prime factors of o.
7, 17
Let t(x) = 18*x - 280. What are the prime factors of t(17)?
2, 13
Let d be 3 - 134 - (11 - 8). Let m = d - -328. List the prime factors of m.
2, 97
Let w = -58825 + 98672. List the prime factors of w.
39847
Let x(h) = 111*h**2 - 8*h - 123*h**2 + h**3 - 16 + 30*h. What are the prime factors of x(12)?
2, 31
Let p(y) = -2*y**3 - 13*y**2 + 86*y - 41. List the prime factors of p(-14).
3, 5, 113
Suppose 20*y + 33 = 9*y. Let a(v) = v**3 - 19*v**2 - 19*v + 24. Let t be a(20). Let f = t - y. List the prime factors of f.
47
Let d(p) = -44883*p**3 + 4*p**2 + 45*p + 42. List the prime factors of d(-1).
2, 7, 229
Let q be (30/12)/(1/2). Suppose 14*h - 38 = 102. List the prime factors of (-17 - q)*h/(-5).
2, 11
Let m(o) = -22*o. Suppose -3*c - 320 = -13*c. Suppose -19*y - c = -11*y. List the prime factors of m(y).
2, 11
Suppose 0 = -4*m - 8*y + 3*y - 144, -4*m - 104 = -5*y. Let w = m - -38. Let n = w - -28. List the prime factors of n.
5, 7
Suppose -x = -4*h + 9 - 27, 0 = -4*h - 16. Suppose c - 5*c = -3*y + 53, -3*y + 43 = -x*c. Suppose -1082 = -y*f + 491. List the prime factors of f.
11, 13
Let j(a) = -a**2 + 13*a + 26. Let l be j(14). Suppose l*k = 3*k + 4392. What are the prime factors of k?
2, 61
Let d(f) = -504*f - 706. List the prime factors of d(-12).
2, 2671
Let n(g) = g**3 + 6*g**2 - 3*g + 16. Let m be n(-7). Let k be (-9975)/28 + (-2)/(-8). What are the prime factors of k/(-6)*m/(-8)?
89
Suppose 0 = -4*w + 9*q + 83493, -3*w - 3*q = 8067 - 70755. What are the prime factors of w?
3, 11, 211
Suppose 98*z - 4706 = 82*z + 718. List the prime factors of z.
3, 113
Suppose 2*a - 170154 = 2*b - 39404, 5*a - 326825 = -5*b. What are the prime factors of a?
2, 3, 5, 2179
Let h = -277 - -278. What are the prime factors of 496 - (h/3)/(1/6)?
2, 13, 19
Let c = -1090 + 1090. Let b be -174*-1*2*4. Suppose 8*v = -c*v + b. What are the prime factors of v?
2, 3, 29
Let z = 6442 - 880. List the prime factors of z.
2, 3, 103
Let y(h) = 2 - 1 + 3*h - 10 - 3. Let d be y(-4). What are the prime factors of 1/2 - 252/d?
11
What are the prime factors of 2/((-9936)/(-19869) + ((-14)/4 - -3))?
2, 37, 179
Suppose -318*z - 24 = -324*z. Let o(c) = 12*c**3 - 4*c**2 - 6*c + 9. List the prime factors of o(z).
13, 53
Suppose 4*s + 359 = 5*i, -2*s - i = -s + 101. Let y = -92 - s. Suppose 2*o + p + 2*p - 403 = 0, -5*o + 990 = y*p. List the prime factors of o.
2, 97
List the prime factors of (16562 + 3)*(0 + (-2 - 145/(-25))).
19, 3313
Suppose -2*d = -4*h + 8, -5*d = 2*h - 4*d - 4. Suppose -2*y - y + 3752 = -5*k, h*y = -k + 2523. What are the prime factors of y?
1259
Suppose -63*p + 62*p + 444 = 0. Let i = p + -248. List the prime factors of i.
2, 7
Let f(g) = g**2 + 8*g + 12. Suppose -19 - 16 = 7*n. Let t be f(n). List the prime factors of -77*4/t + (-7)/(-21).
103
Suppose 0 = -2*a - 12, 8*q - 6*q = 2*a + 6882. What are the prime factors of q?
3, 5, 229
Let b be 20/(-15)*(-24)/16. List the prime factors of 4/b*402/4.
3, 67
Let b(a) = -a + 27. Let z be b(21). Suppose z*v - 12 = -0. Suppose 432 = s + v*s. List the prime factors of s.
2, 3
Suppose 5*z = 2*z + 27. List the prime factors of (-4)/(24/z) - (-25980)/24.
23, 47
Let x be (-8 + 829)/1 - -8. Let d = x - 238. List the prime factors of d.
3, 197
Let y be (-15464)/84 - (20/(-21))/10. Let k = 780 + y. What are the prime factors of k?
2, 149
Let v be (-6)/5*(-60)/(-24). Let z(m) = -10*m**3 - 4*m**2 + m + 1. List the prime factors of z(v).
2, 29
Let g(t) = -9 - 7 + 73*t - 78*t. Let h be g(-5). What are the prime factors of (-28)/3*h*6/(-4)?
2, 3, 7
Suppose -2*g = -9*g + 2912. Let k = g - 186. List the prime factors of k.
2, 5, 23
Suppose 3*o - 500 = 2*x, 2*o - 3*x - 155 = o. Suppose 3*i + 165 = c + 5*i, c + i = o. What are the prime factors of c?
5, 7
Let x(i) = -i**3 + 19*i**2 - 13*i + 18. Let g = -23 + 27. Let y be ((-2)/g)/((-10)/360). What are the prime factors of x(y)?
2, 3
Let w be 4/(-6) - 1450/(-15). Suppose 0 = -4*b + u - 6*u - w, -3*b = 5*u + 77. List the prime factors of (-7)/(-35) + b/(-5).
2
Suppose -4*c + 3 = 3. Let b = c - -34. What are the prime factors of b?
2, 17
Let y = -545 + 412. Let h = y + 688. What are the prime factors of h?
3, 5, 37
Suppose -4*b + 29 = v, 0 = 2*v + 4*b - 51 - 15. Let i = 220 - v. List the prime factors of i.
3, 61
Let f = -7 - -5. Let u be (f + 0 + 0)/(4/(-8)). Suppose u*c - c = 87. List the prime factors of c.
29
Let q be 38/6 - 13/39. Suppose q*n + 2168 = 14*n. What are the 